 2*v - 14 = -4*u, v + 4*v - 5 = 5*u. Determine q(u).
5
Let a = -1 - -3. Let n(g) = g**3 - 3*g**2 - g - 2. Calculate n(a).
-8
Let m(z) be the third derivative of -z**5/60 + z**4/24 + 2*z**3/3 + 7*z**2 - 2. Determine m(3).
-2
Let w(b) be the second derivative of -b**5/30 + b**4/8 + b**3/6 - 2*b. Let m(a) be the second derivative of w(a). Suppose 0 = p + 3*p - 12. Calculate m(p).
-9
Let k = -39 + 35. Let a(y) = y**3 + 3*y**2 - 4*y + 2. What is a(k)?
2
Let w = -24 + 35. Suppose -4*b = w + 13. Let t(l) = -l**3 - 6*l**2 - 5. What is t(b)?
-5
Let f(h) = -13 - 2*h + 13. Let w = -3 + 5. Determine f(w).
-4
Let y(m) = 13*m**3 - m. Let f(i) = 5*i**2 + 26*i + 4. Let v be f(-5). Calculate y(v).
-12
Let w(k) be the first derivative of k**3/3 - 5*k**2/2 - k - 9. Let y = 22 + -16. Calculate w(y).
5
Let u(a) = -a**3 + 5*a**2 - 5*a - 7. Let v(q) = -q**2 - q - 1. Let x(w) = -u(w) + v(w). Give x(5).
1
Let l(r) = -r**2 + 2*r + 3. Suppose 0 = -3*m + 5*m + 2. Let q be -4*(1 + -1 + m). Calculate l(q).
-5
Let l(s) = -2*s**3 - 4*s**2 - 4*s. Let n(x) = x**3 + x**2 + x. Let u(f) = -l(f) - 3*n(f). Determine u(-2).
10
Suppose -2*c - 3*x - 13 = 0, -2*x - 8 - 2 = 0. Let b(n) = 3*n**2 - 2*n + 1. Give b(c).
2
Let j(l) = -4*l - 3. Let h be j(-2). Let x(w) = -w**2 + 3*w + 5. Give x(h).
-5
Let k(h) = 6*h**3 + 7*h**2 + 4*h - 5. Let g(t) = 5*t + 10*t**3 - t**3 + 8*t**2 - 2*t**3 - 17 + 11. Let v(a) = 4*g(a) - 5*k(a). Determine v(-2).
5
Suppose u - 8 = 5*j + 7, 4*j + 12 = 5*u. Let p(l) = -l + 4. What is p(u)?
4
Suppose 8 = 7*c - 8*c - 4*b, 5*c + 19 = b. Let z(n) be the first derivative of -2*n**3/3 - 3*n**2 - 2*n - 1. Calculate z(c).
-10
Suppose -2*y = 3*q - 0*y - 25, 26 = 4*q - y. Let f(n) = -n + 10. What is f(q)?
3
Let a(r) be the third derivative of -r**4/8 + 5*r**3/6 - 9*r**2. Determine a(4).
-7
Let b(y) = y**3 + 11*y**2 + 8*y + 13. Let s(r) = -r**2 - 1. Let t(o) = -b(o) - 3*s(o). Give t(-7).
-3
Let g be (-7)/(-2) + (-4)/8. Let f(l) = 3*l**2 - 1 + g - 1 - 4*l**2. Let w(c) = -c + 6. Let t be w(7). Determine f(t).
0
Let w(t) = 2*t + 5. Suppose -4*d - 33 = 3*p, 8*p = 5*p - d - 24. Give w(p).
-9
Let c(x) = -x**3 + 11*x**2 - 12*x + 21. Let t be c(10). Let v(u) be the second derivative of 2*u + 1/3*u**3 - 1/2*u**2 + 1/3*u**4 + 0. Determine v(t).
5
Let a(j) = j**3 + 3*j**2 - 5*j - 6. Let l be a(-4). Let f be 0 - l/3*3. Let s(r) = -3*r - 5 + 3 + f*r. What is s(2)?
-4
Suppose 3*i - i = 6. Let o(b) = -i*b + 5 + 15*b**3 + b + 4*b**2 - 14*b**3. What is o(-4)?
13
Let r(w) = 19*w - 6 + 2 + 0 - 20*w. Determine r(3).
-7
Let q be 4/18 - 76/18. Let h(o) be the second derivative of -4*o**2 - o - 1/6*o**3 + 0. Determine h(q).
-4
Let m be 0 + 16 + (1 - -1). Suppose -3*i + m = c, -4*c - 3 = -3*i - 0. Let g(d) = 3*d**2 - 3*d**2 - i*d**2 + d + 6 + 6*d**2. What is g(0)?
6
Let d(h) = 2 + h**3 - 4*h - 5*h**2 - 2*h**3 - h**2. Let i be (3 + 5/(-2))*-10. Calculate d(i).
-3
Let i(y) be the first derivative of -y**3/3 + 5*y**2/2 - 2*y + 1. Let x be i(4). Let q(f) be the first derivative of f**4/4 + f**3/3 - f**2 - 7. Calculate q(x).
8
Let f(d) = 9*d - 1. Let a(m) = -128*m + 8. Let s(z) = 11*z + 16*z + 9*z - 3 + 15*z. Let t(g) = 5*a(g) + 12*s(g). Let w(o) = -7*f(o) - 2*t(o). Give w(-1).
6
Let j(x) = 2*x**3 - x**2 - 4*x**2 + 6*x**2. Let n = -2 + 1. Give j(n).
-1
Let a = 13 - 7. Let q(n) = -7*n**3 + 5*n**2 + 13*n + 17. Let i(v) = -4*v**3 + 2*v**2 + 7*v + 9. Let m(s) = 5*i(s) - 3*q(s). Give m(a).
6
Let y(z) = -2*z - 2. Let p(m) = m. Let c(x) = p(x) - y(x). Give c(-3).
-7
Let v = 3 - 7. Let i be 80/36 + v/18. Let r(z) = 3*z**3 - 2*z**3 + i*z**2 + 4 + 4*z**2 + 7*z. Give r(-5).
-6
Let z(i) = 2*i + 2. Let l be 1/(-2)*(-3 + 11). Let x be z(l). Let u(r) be the second derivative of -r**4/12 - 5*r**3/6 + 3*r**2/2 - 7*r. Determine u(x).
-3
Let r(b) = -3*b - 5. Let d(q) = q**3 + 5*q**2 - 4*q + 7. Let x be d(-6). Calculate r(x).
10
Let v(r) = -2*r - 4. Let c(y) = 3*y + 4. Let j(z) = 4*c(z) + 5*v(z). Determine j(-5).
-14
Let y = -13 - -19. Suppose y*m = m + 5. Let z(a) = -4*a**3 + 1. Let r be z(m). Let q(n) = n**3 + 3*n**2 - 3*n. Calculate q(r).
9
Let x(z) = 7*z - 7. Let v(t) = 20*t - 20. Let n(c) = 6*v(c) - 17*x(c). Give n(-8).
-9
Let j(x) = 8*x**3 + 26*x**2 + 7*x + 26. Let p(i) = -3*i**3 - 9*i**2 - 2*i - 9. Let o(f) = 4*j(f) + 11*p(f). Determine o(6).
5
Let j = 1 - -1. Suppose 4*v + 2*k - 4 - 2 = 0, 3 = -3*k. Let r(c) = -4*c**v + 1 + c + 2*c**j + c**2. What is r(-1)?
-1
Let z(a) = a**2 + a - 1. Let y(f) = -f**2 - 6*f + 1. Suppose 3*p + 5*v + 30 + 35 = 0, p + 11 = v. Let w be 20/(-25)*p/(-2). Let j be y(w). What is z(j)?
1
Let v(i) = 8*i. Let u(n) = 11*n - 1. Let q(b) = 12*b - 1. Let g(r) = 4*q(r) - 5*u(r). Let p(d) = 4*g(d) + 3*v(d). Calculate p(3).
-8
Suppose 3*u = -5*a - 24, -4*u + 4*a = -0*u. Let y(l) = -l**3 - l**2 + 3*l + 4. What is y(u)?
13
Let v be (-16)/(-10)*20/8. Let x(t) = -t. Let u(z) = z. Let j(i) = i - 2. Let r(s) = j(s) + 4*u(s). Let p(o) = -r(o) - 4*x(o). Calculate p(v).
-2
Let i(n) be the third derivative of -n**4/24 - n**3/6 + 3*n**2. Determine i(3).
-4
Let r(t) = 0*t**2 - t**2 - 4*t + t - 2. Let c(v) = 3*v - 6. Let q be c(4). Let l = 3 - q. What is r(l)?
-2
Let b(j) = -7 + 13*j - 11*j + 4 + 2. What is b(-4)?
-9
Let h be 0/(-8) - (-4)/2. Let p(y) = -y**3 - 6 - 3*y + h*y + 5*y**3 - 3*y**3. Let s = 0 - 0. Determine p(s).
-6
Let w(f) = -f**2 + 6*f + 11. Let n = -32 - -40. Determine w(n).
-5
Let i(w) = -10*w**3 - 7*w**2 - 4*w. Let n(p) = 6*p**3 + 2*p**2 + p. Let h(c) = -c**3. Let g(m) = 3*h(m) + n(m). Let r(l) = -7*g(l) - 2*i(l). Determine r(2).
-6
Let i(r) = r**3 + 5*r**2 - 7*r + 1. Let c(k) = k + 9. Let u(a) = a + 10. Let z(s) = -7*c(s) + 6*u(s). Let n be z(3). Determine i(n).
7
Let o(x) = -x**3 + 4*x**2 + 6*x + 1. Suppose 4*q = -4*u + 28, 3*u = 3*q - 0 - 3. Let m be (-2)/u - (-2)/3. Let k(z) = -z + 5. Let p be k(m). Calculate o(p).
6
Let m = -4 - -9. Let c(u) = u**2 + u. Let b(f) = f**2 + 7*f + 4. Let j(d) = -b(d) + 2*c(d). Determine j(m).
-4
Let d(p) = p**3 + 4*p**2 - 5*p + 5. Let w be 1/4*-2*10. Determine d(w).
5
Let n(a) = -2*a - 3. Let y be n(-4). Let k(x) = -x + 0 - 2 + 6. Calculate k(y).
-1
Let n = 26 - 19. Let f(j) = j**3 - 8*j**2 + 10*j - 4. Calculate f(n).
17
Let n(k) = 2*k - 6. Let p = -30 - -42. Suppose -2*m - p = -5*m. Let a be 1 + m + (1 - 2). Calculate n(a).
2
Let b(i) = 0*i - 1 - i + 0. Let w be ((-27)/18)/(3/(-4)). Let l be (-8 + 12)/(0 + w). Calculate b(l).
-3
Let i(u) = -2*u - 10. Let w be i(-8). Let l(h) = -h**3 + 7*h**2 - 4*h - 1. Calculate l(w).
11
Let d = -13 - -5. Let a = 6 + d. Let y(i) = i**3 + i**2 - 2*i + 1. What is y(a)?
1
Let m(d) = d**3 + 10*d**2 + 8*d - 5. Let b be m(-9). Let p(r) = -5*r**3 + 4 + 5*r**2 + 2*r - 2*r**2 + 0*r**2 + 4*r**3. Give p(b).
-4
Let k(c) = -c**2 - c + 7. Let p be (-1)/((-2)/2)*(-9 - -4). Determine k(p).
-13
Let p be 2/(-6) + (-19)/(-3). Let v = p - 7. Let n(t) = -10*t**2 - 10*t - 10. Let k(m) = 7*m**2 + 7*m + 7. Let o(u) = -7*k(u) - 5*n(u). Determine o(v).
1
Let q(m) = 7*m. Let s be (-3)/((-3)/(-2)) - -2. Let t be -2 + (-1 - s - -2). Calculate q(t).
-7
Suppose 5*w + 5 = -2*g, -3*g - g = -w + 21. Let i(c) = -22*c - 4. Let m(s) = 16*s + 3. Let l(o) = -2*i(o) - 3*m(o). What is l(w)?
-5
Suppose 0 = i - 6 + 2. Let k = i - 1. Let d(w) = -w - 2*w**2 - 2 + w**2 - k. Give d(0).
-5
Let f(q) = -q**3 + 7*q**2 - 5*q - 3. Let w be f(6). Suppose -h - h = 4*i, w*i = -2*h. Let m(y) = -y**2 - 7. Give m(h).
-7
Let b(g) be the third derivative of -g**6/120 + g**5/12 - g**4/24 - g**3/3 - 2*g**2. Let o = -54 - -59. What is b(o)?
-7
Let s(b) be the first derivative of -5*b**2/2 - b - 3. Let g be 6/(-18) - (-32)/6. Suppose -2*x = g - 1. What is s(x)?
9
Let g(m) = 5*m + 7. Let w(q) = 6*q + 7. Let x(f) = 4*g(f) - 3*w(f). Let h be x(-6). Let o(k) = k**3 + 4*k**2 - 5*k + 6. Determine o(h).
6
Let n be (-46)/(-6) - (-12)/(-18). Let m = 4 + n. Suppose -3*o - m = -5. Let r(y) = y**2. What is r(o)?
4
Let l be 76/(-28) - 4/14. Let m = l + -2. Let s(f) be the first derivative of f**3/3 + 7*f**2/2 + 7*f + 3. Determine s(m).
-3
Let c(x) = 3 - x**2 + 2*x + 0 - 3*x. What is c(3)?
-9
Suppose -4*k = -0*k - 8. Let f be (-6)/k - 85/(-17). Let t(m) = m**2 + 1. Calculate t(f).
5
Let l(y) = -3*y**3 + 0*y**3 + 4*y**3. Suppose -1 - 3 = -2*n. What is l(n)?
8
Let n(l) = -l**2 + 5*l + 2. Let a be n(5).